2*q. What are the prime factors of g?
2
Let l = 27 + 4. Let m = l - 5. What are the prime factors of m?
2, 13
Suppose -3*o = 2*o. Let u be 1 + o/3 + -3. What are the prime factors of 17 + (2 - 5) - u?
2
Suppose 3*x - 8 - 118 = 0. What are the prime factors of x?
2, 3, 7
Suppose 3*i - 4*n = 78, -29 = 2*i - 4*i - 5*n. Suppose i + 20 = 3*x. What are the prime factors of x?
2, 7
Let k be (20/(-8))/((-2)/12). Suppose -k = 2*x - 3*x. What are the prime factors of x?
3, 5
Let b(m) = -4 + 8 + m + 3*m + 3*m**2 - 2*m**2. Let g be b(-8). Let z = g + -21. What are the prime factors of z?
3, 5
List the prime factors of (-8)/(-2) + (-52)/(-2).
2, 3, 5
Suppose 2*a = -2*a + 16. Suppose -h + a*h + 4*p = 46, 0 = -5*p + 20. What are the prime factors of h?
2, 5
Let h(k) = 2*k + 4. Let g be h(-5). Suppose 2*d - 7 = -3*r + 3*d, -5*r + 3*d + 13 = 0. List the prime factors of (-39*4/g)/r.
13
Let l be 0/6 + (-22)/(-2). Suppose 5*o - 6*o + l = 0. List the prime factors of o.
11
Suppose 19 = -4*d + 4*h - h, -h + 1 = 0. Let b = d + 8. List the prime factors of b.
2
Let a(m) = m**3 + 9*m**2 - 11*m - 10. Let z be a(-10). Suppose 3*i + x - 10 = i, 5*i = -5*x + 25. Let w = z + i. What are the prime factors of w?
5
Let o(a) = -a + 4. Let m be o(0). List the prime factors of 2*18/m + -2.
7
Suppose 10 = 3*s - 5*r, -3*r + 4*r + 2 = 3*s. Let y(z) = s + 5*z**3 + z + 1 - 2. List the prime factors of y(1).
5
Suppose 7*n = 6*n - 36. What are the prime factors of (2/(-6))/(2/n)?
2, 3
What are the prime factors of (330/(-24))/(2/(-8))?
5, 11
Let w(i) = i + 14. List the prime factors of w(10).
2, 3
Let n = 52 + -22. Let t = -14 + n. List the prime factors of t.
2
Suppose -4*h + 6 = -6. Suppose 2*l + h*l + 20 = -5*j, 0 = l + 5*j. List the prime factors of ((-4)/10)/(1/l).
2
Suppose -3*x - 3*z + 48 = 0, -3*x - 2*z + 38 = -z. Suppose -x - 3 = -2*t. Suppose b - t - 4 = 0. List the prime factors of b.
11
Let n = -1 + 5. Let d = n + 3. What are the prime factors of d?
7
Suppose -s + 12 + 3 = 0. Let i be (2/(-6))/((-1)/s). Suppose 3*n - 35 = -4*a, i*n = -a + 3*a - 11. What are the prime factors of a?
2
Let p(d) = -d**2 - 12*d - 12. Let f(j) = -4*j + 3. Let k be f(3). List the prime factors of p(k).
3, 5
Let s(d) = d**2 + 6*d. Let b be s(-6). Let c be 2*((-15)/(-6) + b). Suppose 7*p - 5*a + 1 = 3*p, 2*p - 37 = -c*a. What are the prime factors of p?
2, 3
Suppose 0 = -5*y + s + 22, 0 = y + 4*s - 0*s - 17. Suppose 1 = 3*v - y. Suppose v*x = -x + 60. What are the prime factors of x?
2, 5
Suppose -2*h + 36 + 14 = 0. List the prime factors of h.
5
Suppose -5*r + 45 = -2*q - 58, r - 4*q = 17. Let y = r + -8. Suppose 0 = 2*z - 11 - y. What are the prime factors of z?
2, 3
Let s be 9/21 + 848/14. Let k = s - 43. List the prime factors of k.
2, 3
Suppose 5*h + 8 = -7. Let t be (h - -2)*0*-1. Suppose t = -2*n + 2 + 2. What are the prime factors of n?
2
Let f = -161 - -312. What are the prime factors of f?
151
Suppose 2*z - 4*n + 4 = 0, -32 = -0*z + 5*z + n. List the prime factors of 56/(z/(-3)) + -3.
5
Let s = 7 - 5. Suppose -4*r + 3*q = -3*r - s, 2*q - 27 = -5*r. Let z(j) = -j**3 + 4*j**2 + 6*j - 2. List the prime factors of z(r).
3
Let q be 3 - 2 - (1 - 0). Suppose 0 = 4*j - q*j + 12. What are the prime factors of 32/6 + (-2)/j?
2, 3
Suppose 0 = -5*l + l + 92. What are the prime factors of l?
23
Let n(o) be the third derivative of 11*o**5/30 - o**3/6 + 2*o**2. Let h be ((-10)/15)/(4/6). What are the prime factors of n(h)?
3, 7
Let j = 1 - -3. Suppose 2*z - 18 + j = 0. List the prime factors of z.
7
Let o be 6/(-8) + (-25)/4. Let h = -11 - o. List the prime factors of -2*(h + 3) - -11.
13
Let w = -30 - -16. Let z = w + 33. Suppose -z = -4*i + 21. List the prime factors of i.
2, 5
Let u(h) = -h**3 - 2*h**2 - h. Suppose 3*f = f + 12. Suppose c = -c - f. What are the prime factors of u(c)?
2, 3
Let p = 3 + -1. Suppose -3*z = -t - p*z - 1, -4*t - 9 = -5*z. Suppose 0 = -4*y - t*v + 23 + 5, -4*y + 14 = -3*v. What are the prime factors of y?
5
Suppose 15 = -3*i + 51. Let l be ((-3)/9)/((-1)/i). Suppose 19 = l*k - 3*u, -3*k = u + u - 10. What are the prime factors of k?
2
Let u be (-1 - 0)*(-9)/(-3). List the prime factors of u*(3 - (-48)/(-9)).
7
Let u be 20/3 + (-2)/3. Suppose 4*l - 13 = -s, -u*l + 4*s + 11 = -l. Suppose 2*z = l*h + 13, 2*h + 1 = z - 4. What are the prime factors of z?
11
Let c(r) be the first derivative of -2*r**2 - 3*r - 3. What are the prime factors of c(-3)?
3
Suppose p = -0*p - 4. Suppose 2*l - 2 = -0*l, g - 4*l + 12 = 0. Let y = p - g. What are the prime factors of y?
2
Let m be 5/(-20) - 21/(-4). Let w(n) = -n**3 + 5*n**2 + 6*n - 3. List the prime factors of w(m).
3
Suppose -4*o = -3*o - 18. List the prime factors of o.
2, 3
Let l(o) = o**3 + 10*o**2 + 12. Let t be l(-10). List the prime factors of 8/6*t + -1.
3, 5
Suppose -2*a + 3*m + 16 = 0, 0 = -4*a - a + 2*m + 18. Suppose -80 = -6*x + a*x. List the prime factors of x.
2, 5
Let u = -11 + 21. Suppose 0 = -3*z + 9, 3*k - 15 + 3 = -3*z. List the prime factors of k/(3/(-6)) + u.
2
Suppose 90 = -3*v + 507. List the prime factors of v.
139
Suppose 4*j + 5*i = 8, 3*j - 8 = -i - 2. Suppose -j*s = 2*s - 4*b - 8, 5*b + 14 = 3*s. List the prime factors of 4*(2 + s/4).
2, 3
Let t = -2 + 0. Let d = t - -9. List the prime factors of d.
7
Let d = -24 + 58. What are the prime factors of d?
2, 17
Let m(v) = 0*v**2 - 5*v**2 + 1 - v + 4*v**2. Let p be m(-1). What are the prime factors of (-36)/(-16) + p/(-4)?
2
Suppose -5*i + i + 24 = 0. Let o be 16/i*(-45)/(-5). Suppose -5*u + o = -6. List the prime factors of u.
2, 3
Let h = 21 - 35. Let k(z) = z**2 + 11*z - 12. What are the prime factors of k(h)?
2, 3, 5
Let z = -2 - -3. Suppose -3*b + z = -2. What are the prime factors of 1/b + 0 + 9?
2, 5
Let c(m) = -m**3 - 9*m**2 - 7*m + 9. Let b be c(-8). Let t(s) = -b + 5*s**3 - 9*s**2 - 3*s + 5*s**2 - 4*s**3. What are the prime factors of t(5)?
3
Let d(n) = n**3 - 12*n**2 - 10*n + 11. List the prime factors of d(13).
2, 5
Let d = -150 + 238. What are the prime factors of d?
2, 11
Let q be 7 + -3 + -7 + 4. What are the prime factors of q/(-4*2/(-344))?
43
Let t(m) = 14*m - 20. Let r(v) = 5*v - 7. Let k(g) = 17*r(g) - 6*t(g). List the prime factors of k(6).
7
Let x = -286 + 636. What are the prime factors of x?
2, 5, 7
Let g = -35 - -68. What are the prime factors of g?
3, 11
Let j(h) = -h + 10. Let k be j(6). Suppose k*p - 10 = -p. List the prime factors of p.
2
Let a(v) = -v**2 + 9*v - 7. What are the prime factors of a(7)?
7
What are the prime factors of 305/(-2)*((-144)/15)/4?
2, 3, 61
Let d(b) = b**3 + b**2 + b + 10. List the prime factors of d(5).
3, 5, 11
Suppose -14 = -6*u + 4*u. Let d(b) = b**3 - 7*b**2 - b + 9. List the prime factors of d(u).
2
What are the prime factors of (-34)/(-3) - (-5)/(-15)?
11
Suppose 0*j = -3*j - 3*b + 12, 8 = -j - 5*b. Suppose 0 = -j*n + 2*n + 65. List the prime factors of n.
13
Let q be 2 + 6/(-3) + 3. Suppose -q*d = -5*d + 16. List the prime factors of d.
2
Let d(s) = 11*s**2. Let v be d(1). List the prime factors of 10/(-55) - (-57)/v.
5
Let x be 0 + 2/(-2)*-11. Suppose 0*u = -2*u + 3*g + 21, 4*g = -3*u - x. Let r = 4 + u. What are the prime factors of r?
7
Let o = 10 + 2. Let v = -5 - -9. Suppose 4*c + v = -0*c, -a = c - o. What are the prime factors of a?
13
Let o be 6/4 + 324/8. Suppose -2*n + o = n. What are the prime factors of n?
2, 7
Suppose -2*m + r = 22, -2*m + 4*r = 36 - 8. Let t = m - -19. List the prime factors of t.
3
Let g(l) be the first derivative of l**5/20 - 2*l**4/3 + 3*l**3/2 - 2*l**2 - l - 2. Let b(a) be the first derivative of g(a). List the prime factors of b(7).
2, 5
Let s be 1807/(-39) + (-2)/(-6). Let u = -70 - -37. Let z = u - s. What are the prime factors of z?
13
Let q = 440 - 298. What are the prime factors of q?
2, 71
Suppose z + 2*z = 0. Suppose -3*x - 2 = n, n + 3*x + x + 4 = z. Let a(q) = 2*q - 2. List the prime factors of a(n).
2, 3
Let n be (-3)/(-18) - (-130)/12. Let a = n - 1. Let w = -1 + a. What are the prime factors of w?
3
Let d(t) = t - 10. Let u be d(10). Suppose -q + 16 = -j, -3*j + j = u. What are the prime factors of q?
2
Let c(h) = -h + 1. Let q(o) = -3*o + 7. Let p(b) = 4*c(b) - q(b). Let k be p(0). What are the prime factors of (2 + k/1)*-2?
2
Let l(p) = -2*p**2 + 5*p